{"id":216,"date":"2021-09-28T16:41:27","date_gmt":"2021-09-28T14:41:27","guid":{"rendered":"https:\/\/sistemasgaitan.wordpress.com\/?page_id=216"},"modified":"2022-05-03T07:14:10","modified_gmt":"2022-05-03T07:14:10","slug":"industrial","status":"publish","type":"page","link":"https:\/\/manservi.es\/english\/industrial\/","title":{"rendered":"Industrial Solutions"},"content":{"rendered":"<div data-elementor-type=\"wp-page\" data-elementor-id=\"216\" class=\"elementor elementor-216\">\n\t\t\t\t\t\t<section class=\"elementor-section elementor-top-section elementor-element elementor-element-ac4c107 elementor-section-boxed elementor-section-height-default elementor-section-height-default\" data-id=\"ac4c107\" data-element_type=\"section\">\n\t\t\t\t\t\t<div class=\"elementor-container elementor-column-gap-default\">\n\t\t\t\t\t<div class=\"elementor-column elementor-col-100 elementor-top-column elementor-element elementor-element-6033df9\" data-id=\"6033df9\" data-element_type=\"column\">\n\t\t\t<div class=\"elementor-widget-wrap elementor-element-populated\">\n\t\t\t\t\t\t<div class=\"elementor-element elementor-element-7913865 elementor-invisible elementor-widget elementor-widget-heading\" data-id=\"7913865\" data-element_type=\"widget\" data-settings=\"{&quot;_animation&quot;:&quot;fadeInUp&quot;}\" data-widget_type=\"heading.default\">\n\t\t\t\t<div class=\"elementor-widget-container\">\n\t\t\t\t\t<h2 class=\"elementor-heading-title elementor-size-default\">Industrial air conditioning and ventilation.<\/h2>\t\t\t\t<\/div>\n\t\t\t\t<\/div>\n\t\t\t\t<div class=\"elementor-element elementor-element-ed72c38 elementor-invisible elementor-widget elementor-widget-text-editor\" data-id=\"ed72c38\" data-element_type=\"widget\" data-settings=\"{&quot;_animation&quot;:&quot;fadeIn&quot;}\" data-widget_type=\"text-editor.default\">\n\t\t\t\t<div class=\"elementor-widget-container\">\n\t\t\t\t\t\t\t\t\t<p class=\"has-text-align-center\">We have a proven experience of 35 years in air conditioning and ventilation of large industrial spaces.<\/p>\n<p class=\"has-text-align-center translation-block\">Our technical office develops and applies all types of systems for industrial installations, from <b>stand-alone<\/b> and <b>roof-top units<\/b> to <b>cooling units<\/b> and <b>variable refrigerant volume systems<\/b>.<\/p>\t\t\t\t\t\t\t\t<\/div>\n\t\t\t\t<\/div>\n\t\t\t\t<div class=\"elementor-element elementor-element-45a95a8 elementor-widget elementor-widget-spacer\" data-id=\"45a95a8\" data-element_type=\"widget\" data-widget_type=\"spacer.default\">\n\t\t\t\t<div class=\"elementor-widget-container\">\n\t\t\t\t\t\t\t<div class=\"elementor-spacer\">\n\t\t\t<div class=\"elementor-spacer-inner\"><\/div>\n\t\t<\/div>\n\t\t\t\t\t\t<\/div>\n\t\t\t\t<\/div>\n\t\t\t\t\t<\/div>\n\t\t<\/div>\n\t\t\t\t\t<\/div>\n\t\t<\/section>\n\t\t\t\t<section class=\"elementor-section elementor-top-section elementor-element elementor-element-8b7cee1 elementor-section-stretched elementor-section-boxed elementor-section-height-default elementor-section-height-default\" data-id=\"8b7cee1\" data-element_type=\"section\" data-settings=\"{&quot;stretch_section&quot;:&quot;section-stretched&quot;,&quot;background_background&quot;:&quot;classic&quot;}\">\n\t\t\t\t\t\t<div class=\"elementor-container elementor-column-gap-default\">\n\t\t\t\t\t<div class=\"elementor-column elementor-col-100 elementor-top-column elementor-element elementor-element-9ee49e7\" data-id=\"9ee49e7\" data-element_type=\"column\">\n\t\t\t<div class=\"elementor-widget-wrap elementor-element-populated\">\n\t\t\t\t\t\t<div class=\"elementor-element elementor-element-84a35db elementor-widget elementor-widget-spacer\" data-id=\"84a35db\" data-element_type=\"widget\" data-widget_type=\"spacer.default\">\n\t\t\t\t<div class=\"elementor-widget-container\">\n\t\t\t\t\t\t\t<div class=\"elementor-spacer\">\n\t\t\t<div class=\"elementor-spacer-inner\"><\/div>\n\t\t<\/div>\n\t\t\t\t\t\t<\/div>\n\t\t\t\t<\/div>\n\t\t\t\t<div class=\"elementor-element elementor-element-a602406 elementor-invisible elementor-widget elementor-widget-elementskit-heading\" data-id=\"a602406\" data-element_type=\"widget\" data-settings=\"{&quot;_animation&quot;:&quot;fadeInUp&quot;}\" data-widget_type=\"elementskit-heading.default\">\n\t\t\t\t<div class=\"elementor-widget-container\">\n\t\t\t\t\t<div class=\"ekit-wid-con\" ><div class=\"ekit-heading elementskit-section-title-wraper text_left   ekit_heading_tablet-   ekit_heading_mobile-\"><h2 class=\"ekit-heading--title elementskit-section-title translation-block\">Guarantee of <b>quality<\/b>.<\/h2><div class=\"ekit_heading_separetor_wraper ekit_heading_elementskit-border-divider ekit-dotted\"><div class=\"elementskit-border-divider ekit-dotted\"><\/div><\/div><\/div><\/div>\t\t\t\t<\/div>\n\t\t\t\t<\/div>\n\t\t\t\t\t<\/div>\n\t\t<\/div>\n\t\t\t\t\t<\/div>\n\t\t<\/section>\n\t\t\t\t<section class=\"elementor-section elementor-top-section elementor-element elementor-element-5dead39 elementor-section-stretched elementor-section-boxed elementor-section-height-default elementor-section-height-default\" data-id=\"5dead39\" data-element_type=\"section\" data-settings=\"{&quot;stretch_section&quot;:&quot;section-stretched&quot;,&quot;background_background&quot;:&quot;classic&quot;}\">\n\t\t\t\t\t\t<div class=\"elementor-container elementor-column-gap-default\">\n\t\t\t\t\t<div class=\"elementor-column elementor-col-50 elementor-top-column elementor-element elementor-element-deabaec\" data-id=\"deabaec\" data-element_type=\"column\">\n\t\t\t<div class=\"elementor-widget-wrap elementor-element-populated\">\n\t\t\t\t\t\t<div class=\"elementor-element elementor-element-6d93d99 ekit-equal-height-disable elementor-invisible elementor-widget elementor-widget-elementskit-icon-box\" data-id=\"6d93d99\" data-element_type=\"widget\" data-settings=\"{&quot;_animation&quot;:&quot;fadeInLeft&quot;}\" data-widget_type=\"elementskit-icon-box.default\">\n\t\t\t\t<div class=\"elementor-widget-container\">\n\t\t\t\t\t<div class=\"ekit-wid-con\" >        <!-- link opening -->\n                <a href=\"#\" class=\"ekit_global_links\">\n                <!-- end link opening -->\n\n        <div class=\"elementskit-infobox text-center text- icon-top-align elementor-animation-grow\">\n                    <div class=\"elementskit-box-header elementor-animation-\">\n                <div class=\"elementskit-info-box-icon\">\n                    <i aria-hidden=\"true\" class=\"elementkit-infobox-icon fas fa-tshirt\"><\/i>\n                <\/div>\n          <\/div>\n                        <div class=\"box-body\">\n                            <h3 class=\"elementskit-info-box-title\">\n                    Taylor made projects                <\/h3>\n                        \t\t  \t<p class=\"translation-block\">In Manservi we offer a <b>customized service<\/b> to our customers: We adapt to the needs of your project and offer an individualized solution.<\/p>\n                                <\/div>\n        \n        \n                <\/div>\n                <\/a>\n        <\/div>\t\t\t\t<\/div>\n\t\t\t\t<\/div>\n\t\t\t\t\t<\/div>\n\t\t<\/div>\n\t\t\t\t<div class=\"elementor-column elementor-col-50 elementor-top-column elementor-element elementor-element-6cf1b51\" data-id=\"6cf1b51\" data-element_type=\"column\">\n\t\t\t<div class=\"elementor-widget-wrap elementor-element-populated\">\n\t\t\t\t\t\t<div class=\"elementor-element elementor-element-9557ddd ekit-equal-height-disable elementor-invisible elementor-widget elementor-widget-elementskit-icon-box\" data-id=\"9557ddd\" data-element_type=\"widget\" data-settings=\"{&quot;_animation&quot;:&quot;fadeInRight&quot;}\" data-widget_type=\"elementskit-icon-box.default\">\n\t\t\t\t<div class=\"elementor-widget-container\">\n\t\t\t\t\t<div class=\"ekit-wid-con\" >        <!-- link opening -->\n                <a href=\"#\" class=\"ekit_global_links\">\n                <!-- end link opening -->\n\n        <div class=\"elementskit-infobox text-center text- icon-top-align elementor-animation-grow\">\n                    <div class=\"elementskit-box-header elementor-animation-\">\n                <div class=\"elementskit-info-box-icon\">\n                    <i aria-hidden=\"true\" class=\"elementkit-infobox-icon fas fa-redo\"><\/i>\n                <\/div>\n          <\/div>\n                        <div class=\"box-body\">\n                            <h3 class=\"elementskit-info-box-title\">\n                    State-of-the-art technology                <\/h3>\n                        \t\t  \t<p class=\"translation-block\">In Manservi we stay at the <b>forefront of the industry<\/b> thanks to our extensive experience. We keep abreast of the latest developments in the sector, to always offer the most efficient and effective solution.<\/p>\n                                <\/div>\n        \n        \n                <\/div>\n                <\/a>\n        <\/div>\t\t\t\t<\/div>\n\t\t\t\t<\/div>\n\t\t\t\t\t<\/div>\n\t\t<\/div>\n\t\t\t\t\t<\/div>\n\t\t<\/section>\n\t\t\t\t<section class=\"elementor-section elementor-top-section elementor-element elementor-element-a4c2e2b elementor-section-stretched elementor-section-boxed elementor-section-height-default elementor-section-height-default elementor-invisible\" data-id=\"a4c2e2b\" data-element_type=\"section\" data-settings=\"{&quot;stretch_section&quot;:&quot;section-stretched&quot;,&quot;background_background&quot;:&quot;classic&quot;,&quot;animation&quot;:&quot;zoomIn&quot;}\">\n\t\t\t\t\t\t\t<div class=\"elementor-background-overlay\"><\/div>\n\t\t\t\t\t\t\t<div class=\"elementor-container elementor-column-gap-default\">\n\t\t\t\t\t<div class=\"elementor-column elementor-col-100 elementor-top-column elementor-element elementor-element-a90cee7\" data-id=\"a90cee7\" data-element_type=\"column\">\n\t\t\t<div class=\"elementor-widget-wrap elementor-element-populated\">\n\t\t\t\t\t\t<div class=\"elementor-element elementor-element-dbb22fd elementor-widget elementor-widget-spacer\" data-id=\"dbb22fd\" data-element_type=\"widget\" data-widget_type=\"spacer.default\">\n\t\t\t\t<div class=\"elementor-widget-container\">\n\t\t\t\t\t\t\t<div class=\"elementor-spacer\">\n\t\t\t<div class=\"elementor-spacer-inner\"><\/div>\n\t\t<\/div>\n\t\t\t\t\t\t<\/div>\n\t\t\t\t<\/div>\n\t\t\t\t<div class=\"elementor-element elementor-element-6ecd42c elementor-widget elementor-widget-heading\" data-id=\"6ecd42c\" data-element_type=\"widget\" data-widget_type=\"heading.default\">\n\t\t\t\t<div class=\"elementor-widget-container\">\n\t\t\t\t\t<h2 class=\"elementor-heading-title elementor-size-default\">Let us take care of everything<\/h2>\t\t\t\t<\/div>\n\t\t\t\t<\/div>\n\t\t\t\t<div class=\"elementor-element elementor-element-c3d9c52 elementor-align-center elementor-widget elementor-widget-button\" data-id=\"c3d9c52\" data-element_type=\"widget\" data-widget_type=\"button.default\">\n\t\t\t\t<div class=\"elementor-widget-container\">\n\t\t\t\t\t\t\t\t\t<div class=\"elementor-button-wrapper\">\n\t\t\t\t\t<a class=\"elementor-button elementor-button-link elementor-size-sm elementor-animation-bob\" href=\"https:\/\/manservi.es\/english\/contacto\/\">\n\t\t\t\t\t\t<span class=\"elementor-button-content-wrapper\">\n\t\t\t\t\t\t<span class=\"elementor-button-icon\">\n\t\t\t\t<i aria-hidden=\"true\" class=\"icon icon-contact\"><\/i>\t\t\t<\/span>\n\t\t\t\t\t\t\t\t\t<span class=\"elementor-button-text\">CONTACT US<\/span>\n\t\t\t\t\t<\/span>\n\t\t\t\t\t<\/a>\n\t\t\t\t<\/div>\n\t\t\t\t\t\t\t\t<\/div>\n\t\t\t\t<\/div>\n\t\t\t\t<div class=\"elementor-element elementor-element-f67b156 elementor-widget elementor-widget-spacer\" data-id=\"f67b156\" data-element_type=\"widget\" data-widget_type=\"spacer.default\">\n\t\t\t\t<div class=\"elementor-widget-container\">\n\t\t\t\t\t\t\t<div class=\"elementor-spacer\">\n\t\t\t<div class=\"elementor-spacer-inner\"><\/div>\n\t\t<\/div>\n\t\t\t\t\t\t<\/div>\n\t\t\t\t<\/div>\n\t\t\t\t\t<\/div>\n\t\t<\/div>\n\t\t\t\t\t<\/div>\n\t\t<\/section>\n\t\t\t\t<section class=\"elementor-section elementor-top-section elementor-element elementor-element-a6f2db1 elementor-section-boxed elementor-section-height-default elementor-section-height-default\" data-id=\"a6f2db1\" data-element_type=\"section\">\n\t\t\t\t\t\t<div class=\"elementor-container elementor-column-gap-default\">\n\t\t\t\t\t<div class=\"elementor-column elementor-col-100 elementor-top-column elementor-element elementor-element-3d2c09a\" data-id=\"3d2c09a\" data-element_type=\"column\">\n\t\t\t<div class=\"elementor-widget-wrap elementor-element-populated\">\n\t\t\t\t\t\t<div class=\"elementor-element elementor-element-1e02564 elementor-shape-rounded elementor-grid-0 e-grid-align-center elementor-widget elementor-widget-social-icons\" data-id=\"1e02564\" data-element_type=\"widget\" data-widget_type=\"social-icons.default\">\n\t\t\t\t<div class=\"elementor-widget-container\">\n\t\t\t\t\t\t\t<div class=\"elementor-social-icons-wrapper elementor-grid\">\n\t\t\t\t\t\t\t<span class=\"elementor-grid-item\">\n\t\t\t\t\t<a class=\"elementor-icon elementor-social-icon elementor-social-icon-linkedin elementor-repeater-item-4f91ea4\" target=\"_blank\">\n\t\t\t\t\t\t<span class=\"elementor-screen-only\">LinkedIn<\/span>\n\t\t\t\t\t\t<i class=\"fab fa-linkedin\"><\/i>\t\t\t\t\t<\/a>\n\t\t\t\t<\/span>\n\t\t\t\t\t<\/div>\n\t\t\t\t\t\t<\/div>\n\t\t\t\t<\/div>\n\t\t\t\t\t<\/div>\n\t\t<\/div>\n\t\t\t\t\t<\/div>\n\t\t<\/section>\n\t\t\t\t<\/div>","protected":false},"excerpt":{"rendered":"<p>Instalaciones de climatizaci\u00f3n y ventilaci\u00f3n a nivel industrial. Contamos con una experiencia acreditada de 35 a\u00f1os en la climatizaci\u00f3n y ventilaci\u00f3n de espacios industriales y de grandes dimensiones. Nuestra oficina t\u00e9cnica desarrolla y aplica todo tipo de sistemas para la realizaci\u00f3n de instalaciones industriales, desde equipos aut\u00f3nomos y roof-top, hasta [&hellip;]<\/p>\n","protected":false},"author":1,"featured_media":1346,"parent":0,"menu_order":0,"comment_status":"closed","ping_status":"closed","template":"","meta":{"_monsterinsights_skip_tracking":false,"_monsterinsights_sitenote_active":false,"_monsterinsights_sitenote_note":"","_monsterinsights_sitenote_category":0,"footnotes":""},"yoast_head":"<!-- This site is optimized with the Yoast SEO plugin v23.5 - https:\/\/yoast.com\/wordpress\/plugins\/seo\/ -->\n<title>Manservi, S.L. - Industrial<\/title>\n<meta name=\"description\" content=\"Climatizamos y ventilamos grandes superficies industriales como supermercados o centros comerciales, con equipos VRV o Roof Top, entre otros.\" \/>\n<meta name=\"robots\" content=\"index, follow, max-snippet:-1, max-image-preview:large, max-video-preview:-1\" \/>\n<link rel=\"canonical\" href=\"https:\/\/manservi.es\/english\/industrial\/\" \/>\n<meta property=\"og:locale\" content=\"en_US\" \/>\n<meta property=\"og:type\" content=\"article\" \/>\n<meta property=\"og:title\" content=\"Manservi, S.L. - Industrial\" \/>\n<meta property=\"og:description\" content=\"Climatizamos y ventilamos grandes superficies industriales como supermercados o centros comerciales, con equipos VRV o Roof Top, entre otros.\" \/>\n<meta property=\"og:url\" content=\"https:\/\/manservi.es\/english\/industrial\/\" \/>\n<meta property=\"og:site_name\" content=\"Manservi\" \/>\n<meta property=\"article:modified_time\" content=\"2022-05-03T07:14:10+00:00\" \/>\n<meta property=\"og:image\" content=\"https:\/\/manservi.es\/wp-content\/uploads\/2022\/01\/air-conditioner-gfccc639a7_1920.jpg\" \/>\n\t<meta property=\"og:image:width\" content=\"1920\" \/>\n\t<meta property=\"og:image:height\" content=\"1080\" \/>\n\t<meta property=\"og:image:type\" content=\"image\/jpeg\" \/>\n<meta name=\"twitter:card\" content=\"summary_large_image\" \/>\n<meta name=\"twitter:label1\" content=\"Est. reading time\" \/>\n\t<meta name=\"twitter:data1\" content=\"1 minute\" \/>\n<script type=\"application\/ld+json\" class=\"yoast-schema-graph\">{\"@context\":\"https:\/\/schema.org\",\"@graph\":[{\"@type\":\"WebPage\",\"@id\":\"https:\/\/manservi.es\/industrial\/\",\"url\":\"https:\/\/manservi.es\/industrial\/\",\"name\":\"Manservi, S.L. - Industrial\",\"isPartOf\":{\"@id\":\"https:\/\/manservi.es\/#website\"},\"primaryImageOfPage\":{\"@id\":\"https:\/\/manservi.es\/industrial\/#primaryimage\"},\"image\":{\"@id\":\"https:\/\/manservi.es\/industrial\/#primaryimage\"},\"thumbnailUrl\":\"https:\/\/manservi.es\/wp-content\/uploads\/2022\/01\/air-conditioner-gfccc639a7_1920.jpg\",\"datePublished\":\"2021-09-28T14:41:27+00:00\",\"dateModified\":\"2022-05-03T07:14:10+00:00\",\"description\":\"Climatizamos y ventilamos grandes superficies industriales como supermercados o centros comerciales, con equipos VRV o Roof Top, entre otros.\",\"breadcrumb\":{\"@id\":\"https:\/\/manservi.es\/industrial\/#breadcrumb\"},\"inLanguage\":\"en-US\",\"potentialAction\":[{\"@type\":\"ReadAction\",\"target\":[\"https:\/\/manservi.es\/industrial\/\"]}]},{\"@type\":\"ImageObject\",\"inLanguage\":\"en-US\",\"@id\":\"https:\/\/manservi.es\/industrial\/#primaryimage\",\"url\":\"https:\/\/manservi.es\/wp-content\/uploads\/2022\/01\/air-conditioner-gfccc639a7_1920.jpg\",\"contentUrl\":\"https:\/\/manservi.es\/wp-content\/uploads\/2022\/01\/air-conditioner-gfccc639a7_1920.jpg\",\"width\":1920,\"height\":1080},{\"@type\":\"BreadcrumbList\",\"@id\":\"https:\/\/manservi.es\/industrial\/#breadcrumb\",\"itemListElement\":[{\"@type\":\"ListItem\",\"position\":1,\"name\":\"Portada\",\"item\":\"https:\/\/manservi.es\/\"},{\"@type\":\"ListItem\",\"position\":2,\"name\":\"Industrial\"}]},{\"@type\":\"WebSite\",\"@id\":\"https:\/\/manservi.es\/#website\",\"url\":\"https:\/\/manservi.es\/\",\"name\":\"Manservi\",\"description\":\"Compa\u00f1\u00eda l\u00edder del sector de la climatizaci\u00f3n y fotovoltaica.\",\"publisher\":{\"@id\":\"https:\/\/manservi.es\/#organization\"},\"potentialAction\":[{\"@type\":\"SearchAction\",\"target\":{\"@type\":\"EntryPoint\",\"urlTemplate\":\"https:\/\/manservi.es\/?s={search_term_string}\"},\"query-input\":{\"@type\":\"PropertyValueSpecification\",\"valueRequired\":true,\"valueName\":\"search_term_string\"}}],\"inLanguage\":\"en-US\"},{\"@type\":\"Organization\",\"@id\":\"https:\/\/manservi.es\/#organization\",\"name\":\"Manservi, S.L.\",\"url\":\"https:\/\/manservi.es\/\",\"logo\":{\"@type\":\"ImageObject\",\"inLanguage\":\"en-US\",\"@id\":\"https:\/\/manservi.es\/#\/schema\/logo\/image\/\",\"url\":\"https:\/\/manservi.es\/wp-content\/uploads\/2022\/01\/logotipo_manservi_RGB-1.jpg\",\"contentUrl\":\"https:\/\/manservi.es\/wp-content\/uploads\/2022\/01\/logotipo_manservi_RGB-1.jpg\",\"width\":1783,\"height\":786,\"caption\":\"Manservi, S.L.\"},\"image\":{\"@id\":\"https:\/\/manservi.es\/#\/schema\/logo\/image\/\"}}]}<\/script>\n<!-- \/ Yoast SEO plugin. -->","yoast_head_json":{"title":"Manservi, S.L. - Industrial","description":"Climatizamos y ventilamos grandes superficies industriales como supermercados o centros comerciales, con equipos VRV o Roof Top, entre otros.","robots":{"index":"index","follow":"follow","max-snippet":"max-snippet:-1","max-image-preview":"max-image-preview:large","max-video-preview":"max-video-preview:-1"},"canonical":"https:\/\/manservi.es\/english\/industrial\/","og_locale":"en_US","og_type":"article","og_title":"Manservi, S.L. - Industrial","og_description":"Climatizamos y ventilamos grandes superficies industriales como supermercados o centros comerciales, con equipos VRV o Roof Top, entre otros.","og_url":"https:\/\/manservi.es\/english\/industrial\/","og_site_name":"Manservi","article_modified_time":"2022-05-03T07:14:10+00:00","og_image":[{"width":1920,"height":1080,"url":"https:\/\/manservi.es\/wp-content\/uploads\/2022\/01\/air-conditioner-gfccc639a7_1920.jpg","type":"image\/jpeg"}],"twitter_card":"summary_large_image","twitter_misc":{"Est. reading time":"1 minute"},"schema":{"@context":"https:\/\/schema.org","@graph":[{"@type":"WebPage","@id":"https:\/\/manservi.es\/industrial\/","url":"https:\/\/manservi.es\/industrial\/","name":"Manservi, S.L. - Industrial","isPartOf":{"@id":"https:\/\/manservi.es\/#website"},"primaryImageOfPage":{"@id":"https:\/\/manservi.es\/industrial\/#primaryimage"},"image":{"@id":"https:\/\/manservi.es\/industrial\/#primaryimage"},"thumbnailUrl":"https:\/\/manservi.es\/wp-content\/uploads\/2022\/01\/air-conditioner-gfccc639a7_1920.jpg","datePublished":"2021-09-28T14:41:27+00:00","dateModified":"2022-05-03T07:14:10+00:00","description":"Climatizamos y ventilamos grandes superficies industriales como supermercados o centros comerciales, con equipos VRV o Roof Top, entre otros.","breadcrumb":{"@id":"https:\/\/manservi.es\/industrial\/#breadcrumb"},"inLanguage":"en-US","potentialAction":[{"@type":"ReadAction","target":["https:\/\/manservi.es\/industrial\/"]}]},{"@type":"ImageObject","inLanguage":"en-US","@id":"https:\/\/manservi.es\/industrial\/#primaryimage","url":"https:\/\/manservi.es\/wp-content\/uploads\/2022\/01\/air-conditioner-gfccc639a7_1920.jpg","contentUrl":"https:\/\/manservi.es\/wp-content\/uploads\/2022\/01\/air-conditioner-gfccc639a7_1920.jpg","width":1920,"height":1080},{"@type":"BreadcrumbList","@id":"https:\/\/manservi.es\/industrial\/#breadcrumb","itemListElement":[{"@type":"ListItem","position":1,"name":"Portada","item":"https:\/\/manservi.es\/"},{"@type":"ListItem","position":2,"name":"Industrial"}]},{"@type":"WebSite","@id":"https:\/\/manservi.es\/#website","url":"https:\/\/manservi.es\/","name":"Manservi","description":"Compa\u00f1\u00eda l\u00edder del sector de la climatizaci\u00f3n y fotovoltaica.","publisher":{"@id":"https:\/\/manservi.es\/#organization"},"potentialAction":[{"@type":"SearchAction","target":{"@type":"EntryPoint","urlTemplate":"https:\/\/manservi.es\/?s={search_term_string}"},"query-input":{"@type":"PropertyValueSpecification","valueRequired":true,"valueName":"search_term_string"}}],"inLanguage":"en-US"},{"@type":"Organization","@id":"https:\/\/manservi.es\/#organization","name":"Manservi, S.L.","url":"https:\/\/manservi.es\/","logo":{"@type":"ImageObject","inLanguage":"en-US","@id":"https:\/\/manservi.es\/#\/schema\/logo\/image\/","url":"https:\/\/manservi.es\/wp-content\/uploads\/2022\/01\/logotipo_manservi_RGB-1.jpg","contentUrl":"https:\/\/manservi.es\/wp-content\/uploads\/2022\/01\/logotipo_manservi_RGB-1.jpg","width":1783,"height":786,"caption":"Manservi, S.L."},"image":{"@id":"https:\/\/manservi.es\/#\/schema\/logo\/image\/"}}]}},"_links":{"self":[{"href":"https:\/\/manservi.es\/english\/wp-json\/wp\/v2\/pages\/216"}],"collection":[{"href":"https:\/\/manservi.es\/english\/wp-json\/wp\/v2\/pages"}],"about":[{"href":"https:\/\/manservi.es\/english\/wp-json\/wp\/v2\/types\/page"}],"author":[{"embeddable":true,"href":"https:\/\/manservi.es\/english\/wp-json\/wp\/v2\/users\/1"}],"replies":[{"embeddable":true,"href":"https:\/\/manservi.es\/english\/wp-json\/wp\/v2\/comments?post=216"}],"version-history":[{"count":11,"href":"https:\/\/manservi.es\/english\/wp-json\/wp\/v2\/pages\/216\/revisions"}],"predecessor-version":[{"id":1998,"href":"https:\/\/manservi.es\/english\/wp-json\/wp\/v2\/pages\/216\/revisions\/1998"}],"wp:featuredmedia":[{"embeddable":true,"href":"https:\/\/manservi.es\/english\/wp-json\/wp\/v2\/media\/1346"}],"wp:attachment":[{"href":"https:\/\/manservi.es\/english\/wp-json\/wp\/v2\/media?parent=216"}],"curies":[{"name":"wp","href":"https:\/\/api.w.org\/{rel}","templated":true}]}}